e 4) to base 14
-8db
What is 4708 (base 9) in base 2?
110110100011
-5752 (base 9) to base 5
-114014
-7111 (base 9) to base 5
-131234
-689 (base 11) to base 13
-4b4
What is -2330 (base 5) in base 9?
-417
1402131 (base 5) to base 6
335320
What is 1690 (base 11) in base 9?
2855
Convert 26511 (base 9) to base 5.
1033121
-14222 (base 13) to base 2
-1001001101010011
1301200 (base 4) to base 10
7264
Convert -20415 (base 7) to base 15.
-1740
-2210 (base 8) to base 9
-1528
What is -32323 (base 4) in base 7?
-2533
What is 10100000110 (base 2) in base 5?
20121
What is 7564 (base 8) in base 7?
14351
-1037 (base 15) to base 12
-1b97
Convert 21021210 (base 3) to base 9.
7253
What is -1003 (base 13) in base 10?
-2200
What is 22 (base 3) in base 2?
1000
Convert 21011032 (base 4) to base 13.
13c15
What is 7756 (base 11) in base 16?
27f1
What is -207 (base 13) in base 14?
-1a9
Convert -403 (base 5) to base 9.
-124
Convert 11200 (base 7) to base 3.
10220021
2b8b (base 14) to base 13
36c6
-42411 (base 5) to base 3
-10220210
Convert 10001000001011 (base 2) to base 8.
21013
Convert 142352 (base 8) to base 15.
ee0a
3131 (base 6) to base 4
22333
Convert 28b (base 12) to base 14.
203
Convert -69ca (base 13) to base 7.
-61231
398 (base 10) to base 11
332
What is -666 (base 13) in base 3?
-1111200
What is 382 (base 12) in base 14?
29c
Convert 1110011100 (base 2) to base 10.
924
Convert 1000001001101 (base 2) to base 12.
24b9
Convert 100011101011 (base 2) to base 4.
203223
What is -1222212 (base 3) in base 8?
-2656
-620 (base 8) to base 7
-1111
-501 (base 11) to base 7
-1524
What is -2668 (base 10) in base 15?
-bcd
-38d (base 15) to base 4
-30220
What is -111 (base 2) in base 11?
-7
What is 3415 (base 8) in base 11?
13a1
Convert -aa2 (base 13) to base 11.
-1407
-1918a (base 14) to base 7
-352633
What is 717 (base 10) in base 7?
2043
What is 1011100001011 (base 2) in base 3?
22002111
-25bd (base 16) to base 7
-40111
Convert 2827 (base 15) to base 2.
10000110001011
Convert 2503 (base 9) to base 2.
11101001010
Convert 47 (base 14) to base 16.
3f
Convert -103302 (base 4) to base 14.
-666
Convert -40135 (base 6) to base 14.
-1ca7
822 (base 10) to base 9
1113
-38950 (base 10) to base 6
-500154
What is -11111011010 (base 2) in base 16?
-7da
Convert 1213202 (base 4) to base 10.
6626
8310 (base 9) to base 11
4631
Convert -222302 (base 4) to base 11.
-206a
Convert c473 (base 13) to base 2.
110100111111110
Convert -982 (base 12) to base 3.
-1220122
Convert 2542 (base 7) to base 9.
1277
11301 (base 5) to base 10
826
What is -21331 (base 4) in base 5?
-10022
Convert -13563 (base 7) to base 16.
-e88
-477 (base 9) to base 3
-112121
2121021 (base 3) to base 15
867
What is -45612 (base 7) in base 12?
-6886
What is 1925 (base 13) in base 8?
7245
Convert 24540 (base 9) to base 5.
1011404
What is -8b1 (base 13) in base 11?
-1140
Convert -192 (base 15) to base 3.
-111102
-2104 (base 12) to base 2
-111000010100
Convert -6b7 (base 13) to base 11.
-969
What is 1101001001111 (base 2) in base 14?
2651
What is 63c (base 15) in base 10?
1407
Convert 160 (base 11) to base 12.
137
-120121 (base 3) to base 4
-12211
aa23 (base 12) to base 15
584c
What is -10012001 (base 3) in base 2?
-100100010011
Convert -1b86 (base 13) to base 3.
-12201022
Convert -9555 (base 11) to base 7.
-51602
-4321 (base 5) to base 8
-1112
Convert 642 (base 13) to base 7.
3054
What is -4022 (base 9) in base 11?
-222a
Convert 313534 (base 6) to base 16.
6382
Convert 168 (base 10) to base 6.
440
1011100111000011 (base 2) to base 16
b9c3
What is -1def (base 16) in base 15?
-240d
Convert -87bd (base 14) to base 4.
-11233003
1222221101 (base 3) to base 16
999a
What is -567 (base 13) in base 16?
-3a2
-5c5 (base 14) to base 11
-959
Convert -464a (base 13) to base 3.
-111112100
214 (base 15) to base 4
13111
-142102 (base 5) to base 11
-4486
Convert 208e (base 15) to base 11.
5199
What is 24613 (base 7) in base 12?
38ba
What is 110202122 (base 3) in base 9?
13678
-3025 (base 6) to base 3
-220122
407 (base 12) to base 6
2411
-20400 (base 5) to base 2
-10101000110
What is 580a (base 11) in base 3?
101110201
-1b2e (base 15) to base 7
-23120
Convert 2636 (base 7) to base 2.
1111101111
-1220200 (base 3) to base 7
-4032
What is -3116 (base 7) in base 10?
-1091
Convert -5b63 (base 16) to base 9.
-35074
Convert 60ac (base 13) to base 7.
53563
-10001111110 (base 2) to base 5
-14100
Convert -1774 (base 9) to base 8.
-2523
-13155 (base 8) to base 16
-166d
-c4f1 (base 16) to base 9
-76138
Convert 1dd (base 14) to base 7.
1066
Convert 21300 (base 4) to base 15.
2b9
Convert -7043 (base 9) to base 2.
-1010000010110
4538 (base 10) to base 8
10672
What is 360 (base 7) in base 14?
d7
What is 3017 (base 9) in base 12?
1337
Convert -7115 (base 8) to base 3.
-12000121
155055 (base 6) to base 15
484b
Convert 231212 (base 4) to base 9.
4002
What is -563 (base 10) in base 6?
-2335
Convert -1152 (base 9) to base 12.
-5b5
Convert -1d91 (base 16) to base 7.
-31032
What is 183 (base 9) in base 12?
110
Convert -12323 (base 4) to base 12.
-30b
-5 (base 12) to base 10
-5
Convert -5569 (base 11) to base 16.
-1ca7
What is 32022 (base 6) in base 8?
10356
32 (base 16) to base 11
46
What is a575 (base 11) in base 3?
201012102
What is 123000 (base 5) in base 15?
161a
What is -2130 (base 10) in base 6?
-13510
-4c23 (base 13) to base 16
-2a5d
What is c69 (base 14) in base 16?
98d
Convert 5110 (base 6) to base 13.
684
-2c7 (base 16) to base 13
-429
Convert 515315 (base 6) to base 13.
15aa9
-144330 (base 5) to base 15
-1c95
What is 1c38 (base 16) in base 12?
4220
-651 (base 16) to base 6
-11253
What is -1d55 (base 15) in base 8?
-14354
-3048 (base 14) to base 6
-102224
What is -110302 (base 4) in base 14?
-6b0
-61205 (base 7) to base 15
-4602
-1102102020 (base 3) to base 15
-8470
Convert -23746 (base 10) to base 15.
-7081
Convert -10b63 (base 16) to base 10.
-68451
-15bb (base 13) to base 15
-e31
Convert 1030055 (base 6) to base 12.
2532b
What is 201221 (base 5) in base 4?
1210210
156723 (base 8) to base 4
31313103
What is 23 (base 5) in base 2?
1101
Convert -11924 (base 10) to base 11.
-8a60
What is 200 (base 16) in base 9?
628
What is 127174 (base 8) in base 11?
30618
Convert 1864 (base 15) to base 6.
40221
-1132 (base 6) to base 10
-272
6443 (base 7) to base 14
b93
-1944 (base 11) to base 14
-c84
What is -131123 (base 4) in base 11?
-1462
2202 (base 5) to base 7
611
Convert 110201201 (base 3) to base 16.
2440
Convert 221100 (base 7) to base 3.
1222020100
Convert -11440 (base 7) to base 8.
-5630
Convert -578b (base 13) to base 15.
-398d
Convert -1663 (base 7) to base 5.
-10212
What is 265525 (base 7) in base 2?
1100001101001111
What is -457 (base 9) in base 5?
-3001
463 (base 13) to base 6
3301
4126 (base 7) to base 8
2641
-3111210 (base 4) to base 10
-13668
-e18 (base 15) to base 6
-22405
32e (base 15) to base 7
2045
What is -252061 (base 7) in base 2?
-1011010100001100
Convert 1990 (base 10) to base 7.
5542
Convert -3251 (base 6) to base 15.
-351
What is 141423 (base 5) in base 11?
4450
-100410 (base 5) to base 12
-1a52
-653 (base 8) to base 12
-2b7
What is 110010001110 (base 2) in base 14?
1258
Convert -14414 (base 6) to base 16.
-90a
What is 4724 (base 9) in base 2?
110110110001
What is 102022 (base 3) in base 8?
461
1418 (base 9) to base 3
1110122
What is -11001010110 (base 2) in base 13?
-97a
What is -211 (base 14) in base 3?
-120002
24893 (base 10) to base 11
17780
-11b5 (base 16) to base 3
-20012220
What is 8b7 (base 16) in base 15?
9db
-211002 (base 3) to base 16
-254
-305122 (base 6) to base 9
-36485
-c0c1 (base 15) to base 16
-9ee9
What is -113370 (base 8) in base 5?
-2214043
-310023 (base 4) to base 10
-3339
What is -4400 (base 9) in base 2?
-110010101000
What is 1100011011110 (base 2) in base 3?
22201210
Convert -1103 (base 7) to base 6.
-1455
-607 (base 13) to base 16
-3fd
Convert -17 (base 9) to base 7.
-22
-144210 (base 7) to base 4
-12303300
What is -a750 (base 11) in base 16?
-3784
a493 (base 14) to base 15
8603
What is -17154 (base 9) in base 4?
-2320102
Convert 206 (base 15) to base 5.
3311
11001110001 (base 2) to base 12
b55
What is -4544 (base 8) in base 10?
-2404
2169 (base 13) to base 4
1020222
-187b (base 12) to base 2
-101110011111
-10021 (base 